
Let h(c) = 2*c**3 - 7*c**2 - c + 3. Let j = -163 + 167. Give h(j).
15
Let p(g) = g**2 + 5*g - 2. Let o = 45 + -42. Suppose 3*m = 0, 4*n + 16 = o*m - 2*m. Give p(n).
-6
Let j(r) = 3*r + 11. Let y be ((-2)/3)/(505/(-4545)). Calculate j(y).
29
Let f(o) = o**3 - 40*o**2 - 43*o + 83. Let a be f(41). Let r(c) = 25*c - 20. What is r(a)?
5
Let k(c) = c**2 + 2*c - 2. Let y be k(-4). Let t(a) = -28 + 6*a + 5*a - 4*a**2 + 31. Let i(g) = -g**2 + 2*g - 1. Let j(x) = 3*i(x) - t(x). What is j(y)?
0
Let o(u) = u**2 - 12*u - 10. Suppose -3*p - 5*n = -255, 85 = 71*p - 70*p - 2*n. Let j be 72/15*p/34. What is o(j)?
-10
Let x(v) = -2*v - 2. Let o(m) = 12*m + 27. Let r be o(0). Suppose -5*u + 132 = -r*u. Calculate x(u).
10
Let a(j) = j**3 - 21*j**2 - 21*j - 6. Let w be a(22). Let i be (-95)/20 - (20/w + -1). Let k(d) = -d**3 - 6*d**2 - 6*d - 2. Determine k(i).
3
Let g(f) = -25*f + 472. Let x be g(19). Let k(d) = 4*d + 7. Let i(l) = -l + 1. Let w(m) = 3*i(m) - k(m). Give w(x).
17
Let s(h) = -6*h + 11. Suppose 273 = 13*p + 273. Determine s(p).
11
Let g(n) be the first derivative of 2*n**3/3 - 13*n**2/2 + 6*n + 1268. What is g(9)?
51
Let x be (1260/(-350))/(3/(-15)*-2). Let m(p) = -p**3 - p**2 - p - 2. Let b(r) = 3*r**3 - 4*r**2 + 13*r + 10. Let n(o) = -b(o) - 4*m(o). What is n(x)?
-2
Let j be 82 + -86 + (-2 - 1). Let q(c) = 2*c**2 + 13*c - 6. Determine q(j).
1
Let t(i) = i + 8. Suppose 2*r - 2104 = -30*x + 26*x, -3*x + 3*r = -1596. Let a = -537 + x. Calculate t(a).
-1
Let o(d) = 356*d + 5*d**2 + 6 - 362*d + 4*d**2. Calculate o(3).
69
Let d = 15585 + -15586. Let g(l) = -37*l + 3. Calculate g(d).
40
Let z(c) = 3*c + 27. Let v be z(-5). Let q(x) = x - 1. Let t(r) = 4*r - 19. Let f(w) = -2*q(w) + t(w). Determine f(v).
7
Let a(p) = 4*p - 78*p**2 - 72*p**2 + 4 + 148*p**2 + 25. Give a(7).
-41
Let x(k) be the third derivative of k**6/360 - k**5/24 - k**4/4 + 23*k**3/6 + 32*k**2. Let r(n) be the first derivative of x(n). What is r(6)?
0
Let i(y) be the second derivative of 0*y**3 + 7*y + 15 + 0*y**4 + 1/20*y**5 - 21*y**2. Determine i(0).
-42
Let n(u) = -15*u - 3. Let b be (-90)/(-27) - 30/90. Determine n(b).
-48
Let p = 60 - 58. Let l(g) = 6*g**p - 1 - 14*g**2 + 9*g**2 - 2. Let s(h) = -2*h**2 - h + 7. Let f(k) = -5*l(k) - 3*s(k). What is f(-5)?
4
Let c(p) = p**3 + 3*p**2 - 2*p. Let l be c(2). Suppose -9*g = -6*g - 4*r - 72, l = g - 4*r. Let d = 30 - g. Let s(m) = -m**3 + 2*m**2 - 4*m + 3. What is s(d)?
-5
Let o = -4070 + 4069. Let l(k) = 17*k**3 + 2*k**2 - k - 2. Give l(o).
-16
Suppose 4*m + 2*c - 508 = 0, -2*m + c + 64 = -186. Let j(w) = m - 250 + w + 126. Determine j(8).
10
Suppose -164 + 99 = -27*u + 70. Let x(h) = -6*h**3 - h**2 + 3*h - 1. Let j(c) = c**3 + c**2 + c - 1. Let f(a) = 5*j(a) + x(a). What is f(u)?
9
Let p(d) = -12*d - 145. Let c be p(15). Let m = c - -324. Let v(t) be the third derivative of -t**5/30 - t**4/12 - t**3/6 - t**2. Give v(m).
-1
Let h(i) = -i**2 - 27*i - 1. Let q(u) = -u**3 - 6*u**2 + 185*u + 11. Let p(n) = 7*h(n) + q(n). Determine p(-13).
56
Let b(l) = 1. Let n(m) = -6*m - 1. Let w(v) = b(v) - n(v). Let p be 56/10 - 6/10. Suppose -q - p*d = -2, -2*q - 5*d + d = -4. Determine w(q).
14
Let c(n) be the second derivative of -39*n - 1/2*n**2 + 0*n**3 + 0 - 1/6*n**4 + 1/20*n**5. Determine c(3).
8
Let q(k) = 2*k. Let r be q(-3). Let a be 4/r + (-20)/(-12). Let d(h) = -h - 11. Let v(y) = -4*y - 32. Let t(s) = -3*d(s) + v(s). Determine t(a).
0
Let f(d) = d + 96 - 333 + 133 + 97. Calculate f(14).
7
Let j(c) = -11*c - 12. Let w be 1/((-1)/(-12))*(520/(-20))/52. Determine j(w).
54
Let y(g) = 5 - g**3 + 0*g**3 + 6*g**2 - 8 - 4*g + 7 - 3*g. Let w = -49 + 54. Calculate y(w).
-6
Let q be 11/(-176) - 9/(-144). Let t(b) = -2*b**2 + 6*b + 21. What is t(q)?
21
Let n(j) = -9*j - 64. Let y be n(-7). Let b(g) = -48*g + 2. What is b(y)?
50
Let r be 3/(-2 - 12/(-4)). Suppose r*t + 4 - 22 = 0. Let j(d) = -d + 2 + 4*d - 3 - d**2. What is j(t)?
-19
Let j(d) be the first derivative of 1/2*d**2 + 40 - 14*d. Determine j(9).
-5
Let a(f) = -22 + 172*f + f**2 + 1 - 185*f. Let h be 193/13 + (-138)/(-897). What is a(h)?
9
Let p(g) = 4*g + 2. Let y(h) be the third derivative of -22*h**2 + 0*h - 1/60*h**5 - 7/2*h**3 + 0 - 11/24*h**4. Let t be y(-9). Calculate p(t).
-10
Let j(o) = -o**3 + 6*o**2 + o + 26. Suppose 2*w + 5*i - 49 = 0, 3*i + 52 - 38 = 5*w. Determine j(w).
-16
Let c = 5 - 7. Let h(i) = -7*i - 1. Let v(g) be the third derivative of g**4/3 + g**3/6 + 5*g**2 - 2*g. Let r(y) = -7*h(y) - 6*v(y). Determine r(c).
-1
Let k = 116 + -121. Let p(q) = -2*q - 20. Suppose 0 = 4*u - c + 10, -5*u + 3*c - 4*c - 17 = 0. Let a(n) = n + 7. Let l(d) = u*p(d) - 8*a(d). Determine l(k).
14
Let h(p) = 59*p - 554. Let r(i) = 144*i - 1109. Let x(j) = -15*h(j) + 6*r(j). Give x(79).
-3
Let d(g) = g**2 - g - 11. Suppose 14*b - 98 + 12 = -44. What is d(b)?
-5
Suppose 5*l + 2*f + 5 = 0, 0 = -5*l + 2*l - 3*f - 3. Let n(y) be the first derivative of 2*y**4 + y**3/3 + 23. Give n(l).
-7
Let x = 806 + -805. Let j(i) be the third derivative of i**4/3 - 38*i**2 - 2*i. Calculate j(x).
8
Let f(n) = -n**3 - 6*n**2 + n + 1. Let t = -2489 + 2483. Give f(t).
-5
Let y(u) = -u**2 + 26*u - 2. Suppose -23*q - 71 + 646 = 0. Give y(q).
23
Let z(d) be the second derivative of -d**5/10 - d**4/12 - d**3/6 - 6*d**2 - 7711*d. Determine z(-3).
36
Let o be 2/(-5) + 12/5. Let a(d) = d**2 - 4*d - 2. Let s be a(5). Let u(w) = 3 + 2 + 1 - 2*w - s. Determine u(o).
-1
Let w(y) be the second derivative of y**5/20 + y**4/12 + 15*y**2/2 - 2*y - 506. Give w(0).
15
Let j = -17237 + 17225. Let a(c) be the first derivative of c**2/2 + 8*c - 13. What is a(j)?
-4
Let j(y) = -y - 5. Suppose -2*n - 10 = 2*i, 3*n - 5 = i + i. Let s(f) = f + 4. Let g(z) = i*s(z) - 3*j(z). Let h be 10/4*(9 - 11). What is g(h)?
4
Suppose 0 = 20*t - 11 + 27 + 24. Let q(f) = f**3 + 5*f**2 - 2*f - 6. Calculate q(t).
10
Let u(c) = -c**3 - 20*c**2 + 23*c + 44. Let s be (34/(-4) - (-15 + 10))/((-12)/(-72)). Give u(s).
2
Let i(z) = -69*z**3 - 27. Let m(l) = -11*l**3 - 2. Let h(q) = 9*q**3 + 2. Let d(u) = -6*h(u) - 4*m(u). Let g(s) = -27*d(s) + 4*i(s). Determine g(2).
-48
Let y(f) = 202 - 475 + 4*f + 260. Calculate y(3).
-1
Suppose 0*f - 2*f - 167 = -5*a, -69 = -2*a + 3*f. Suppose -12*z + a = -15. Suppose 98 = -z*o + 110. Let w(l) = -l**3 + 3*l**2 - 5*l + 4. What is w(o)?
-11
Let l = 77 - 89. Let a be 21/(-6) - (-4)/(-8). Let i be (a/16)/(3/l). Let h(t) = 5*t**3 - t**2 + 2*t - 1. Determine h(i).
5
Let o(a) = -a**3 + 2*a**2 - 2*a - 9. Let m be o(0). Let k(v) = 9 + 4 - 2*v + 3*v. Determine k(m).
4
Let s(y) = y**3 + 8*y**2 + 8*y + 5. Let q = 18 - -39. Suppose 28 = q*m - 61*m. Give s(m).
-2
Let b(f) = -2*f + 17. Let u(d) = -4*d + 95. Let g be u(23). Suppose 3*k - 4*z = 3 + 2, -3*k + g*z = -9. Determine b(k).
3
Let u be ((-3)/5)/(4/(-20)). Let h be (0/2)/(u/(-3)). Let w(v) be the first derivative of v**2/2 + 4*v - 55233. Give w(h).
4
Suppose -5*o - 2*h = -40, 2 + 2 = -o + 2*h. Let n(k) = -k**3 - 5*k**2 - 2*k + 1. Let y(b) = -b**3 - 1. Let w(r) = -n(r) + 2*y(r). What is w(o)?
-27
Let g(t) = 68*t - 36. Let k(l) = -385*l + 216. Let v(p) = -17*g(p) - 3*k(p). Determine v(-18).
-18
Let m be 6/(-4)*(2 - 44/33)*1. Let t(k) = -3*k**2 - 2*k - 1. Let l(c) = 8*c + 0*c + 8*c**2 + 1 - 2*c + 2. Let u(a) = -6*l(a) - 17*t(a). What is u(m)?
4
Suppose -h - 3 = -2. Let o(u) be the first derivative of -1/3*u**3 + 0*u + 1/2*u**2 - 59. Give o(h).
-2
Let s = 7597 + -7594. Let o(l) = 87*l - 271. Determine o(s).
-10
Let n(v) be the second derivative of -2*v + 0 + 3*v**2 - 2/3*v**3 - 1/12*v**4. Suppose -74*c + 18 = 234 + 154. Determine n(c).
1
Let j be ((-56)/16)/(1/(-4)). Let q be j/77 - 48/22. Let h(r) = -r - 53 + 100 - 47. Calculate h(q).
2
Suppose -8*q + 12 + 12 = 0. Let y(f) = -q - 80*f + 141*f - 69*f. Calculate y(-2).
13
Let b(f) = f**3 + 5*f**2 - 6*f - 4. Let a be b(-6). Let r be (7 + -2 - 6)/((-2)/4). Let s(l) = 3*l**r + l**3 + 2*l - 46 + 45 - 6*l. What is s(a)?
-1
Suppose -3*q + 6*q - 15 = 0. Let w = q + -11. Let l(z) be the third derivative of z**5/60 + 5*z**4/24 - 2*z**3/3 - 11*z**2 + 4. What is l(w)?
2
Let i be (-35)/14*-1*(-72)/10. Let q(n) = n**3 + 19*n**2 + 16*n - 53. Give q(i).
-17
Let b = 796 - 799. Let z(y) = 2*y + 1. Let r(i) = -5*i - 4. Suppose -q + 0*f + 2*f - 14 = 0, 19 = -2*q